ate the highest common divisor of 1312 and 1504.
32
What is the greatest common factor of 9 and 51?
3
Calculate the highest common divisor of 6 and 1458.
6
Calculate the highest common divisor of 4312 and 968.
88
What is the greatest common divisor of 213 and 284?
71
What is the greatest common divisor of 60 and 15?
15
What is the greatest common factor of 399 and 1767?
57
What is the highest common factor of 48 and 948?
12
What is the greatest common divisor of 4800 and 5700?
300
What is the greatest common divisor of 459 and 1224?
153
What is the greatest common divisor of 4176 and 108?
36
Calculate the highest common divisor of 228 and 76.
76
Calculate the greatest common divisor of 106 and 318.
106
What is the highest common divisor of 4360 and 8?
8
Calculate the greatest common factor of 4315 and 5.
5
Calculate the greatest common factor of 355 and 40.
5
What is the highest common divisor of 2623 and 244?
61
Calculate the highest common factor of 133 and 152.
19
What is the highest common divisor of 22 and 6886?
22
What is the greatest common factor of 1 and 209?
1
Calculate the greatest common divisor of 305 and 58865.
305
What is the greatest common factor of 58851 and 117?
117
What is the highest common divisor of 1530 and 90?
90
What is the greatest common factor of 616 and 88?
88
Calculate the greatest common factor of 414 and 10557.
207
Calculate the highest common divisor of 3165 and 120.
15
Calculate the highest common divisor of 1 and 10.
1
Calculate the greatest common factor of 77 and 11.
11
What is the greatest common factor of 1144 and 5434?
286
Calculate the highest common factor of 5211 and 81.
27
What is the greatest common factor of 1160 and 40?
40
What is the highest common divisor of 1998 and 1110?
222
What is the highest common divisor of 21 and 609?
21
What is the greatest common divisor of 9917 and 3587?
211
Calculate the highest common factor of 1232 and 231.
77
What is the greatest common divisor of 2985 and 15?
15
Calculate the highest common factor of 704 and 256.
64
What is the highest common divisor of 27 and 18171?
27
What is the greatest common factor of 20 and 12500?
20
What is the greatest common divisor of 424 and 53?
53
Calculate the highest common factor of 195 and 75.
15
What is the greatest common divisor of 938 and 14?
14
What is the greatest common factor of 25 and 625?
25
What is the greatest common divisor of 126 and 72?
18
Calculate the highest common factor of 18 and 738.
18
Calculate the greatest common divisor of 104 and 2119.
13
Calculate the greatest common divisor of 8331 and 3.
3
What is the highest common divisor of 18829 and 19?
19
What is the highest common divisor of 432 and 204?
12
Calculate the greatest common factor of 15946 and 14.
14
Calculate the highest common factor of 588 and 126.
42
What is the highest common factor of 405 and 21?
3
Calculate the highest common divisor of 558 and 54.
18
What is the highest common factor of 5 and 325?
5
What is the greatest common factor of 2 and 14?
2
Calculate the greatest common divisor of 25605 and 45.
45
Calculate the greatest common divisor of 600 and 408.
24
Calculate the highest common divisor of 8 and 104.
8
Calculate the greatest common factor of 4 and 388.
4
What is the greatest common factor of 377 and 87?
29
Calculate the greatest common divisor of 77 and 49.
7
What is the greatest common factor of 63 and 77?
7
Calculate the highest common divisor of 143 and 299.
13
What is the greatest common divisor of 513 and 152?
19
What is the highest common divisor of 104 and 884?
52
What is the highest common factor of 14 and 5726?
14
Calculate the greatest common divisor of 3289 and 3542.
253
What is the greatest common divisor of 5 and 1355?
5
What is the greatest common divisor of 663 and 39?
39
What is the highest common factor of 36 and 198?
18
Calculate the greatest common divisor of 3 and 3189.
3
What is the greatest common factor of 36 and 477?
9
Calculate the highest common divisor of 6611 and 11.
11
What is the greatest common factor of 455 and 260?
65
Calculate the greatest common divisor of 254 and 1.
1
Calculate the highest common factor of 4781 and 35.
7
What is the highest common factor of 8711 and 124?
31
Calculate the highest common factor of 65 and 169.
13
What is the greatest common factor of 68 and 1462?
34
Calculate the greatest common factor of 160 and 5.
5
Calculate the greatest common factor of 105 and 2268.
21
Calculate the greatest common divisor of 16 and 104.
8
What is the greatest common factor of 4118 and 284?
142
What is the greatest common divisor of 221 and 51?
17
What is the highest common factor of 8281 and 169?
169
What is the highest common divisor of 300 and 408?
12
What is the greatest common divisor of 1220 and 160?
20
Calculate the greatest common factor of 20 and 2710.
10
What is the highest common divisor of 17 and 15555?
17
Calculate the highest common factor of 728 and 336.
56
What is the greatest common factor of 360 and 135?
45
Calculate the highest common factor of 160 and 70240.
160
Calculate the highest common factor of 10 and 865.
5
Calculate the greatest common factor of 168 and 210.
42
Calculate the highest common divisor of 20 and 370.
10
Calculate the highest common factor of 46 and 46.
46
What is the highest common factor of 60 and 85?
5
Calculate the greatest common divisor of 920 and 23.
23
What is the greatest common divisor of 106 and 2650?
106
Calculate the highest common divisor of 6200 and 8.
8
What is the highest common divisor of 140 and 8050?
70
Calculate the greatest common factor of 57 and 304.
19
What is the highest common divisor of 26 and 143?
13
What is the greatest common factor of 7 and 107?
1
What is the greatest common divisor of 25762 and 22?
22
What is the highest common factor of 7751 and 23?
23
What is the greatest common divisor of 858 and 208?
26
What is the highest common factor of 66 and 3102?
66
What is the highest common divisor of 28 and 1092?
28
Calculate the greatest common divisor of 104 and 39.
13
Calculate the highest common factor of 11 and 539.
11
Calculate the highest common divisor of 18 and 9.
9
What is the highest common divisor of 81 and 333?
9
What is the greatest common factor of 16 and 216?
8
Calculate the greatest common factor of 34 and 5253.
17
Calculate the greatest common divisor of 6190 and 10.
10
Calculate the highest common divisor of 264 and 616.
88
Calculate the greatest common divisor of 1408 and 1188.
44
Calculate the greatest common factor of 592 and 32.
16
Calculate the greatest common factor of 144 and 792.
72
Calculate the greatest common divisor of 6138 and 341.
341
Calculate the greatest common divisor of 46 and 3979.
23
What is the highest common factor of 26 and 65?
13
Calculate the highest common factor of 144 and 9.
9
Calculate the highest common factor of 356 and 4.
4
What is the highest common divisor of 45 and 1611?
9
Calculate the highest common divisor of 403 and 13.
13
What is the greatest common divisor of 160 and 20?
20
What is the greatest common divisor of 884 and 68?
68
What is the highest common divisor of 161 and 5957?
161
Calculate the highest common divisor of 324 and 180.
36
Calculate the highest common factor of 250 and 50.
50
Calculate the highest common factor of 4329 and 234.
117
Calculate the greatest common factor of 12 and 12.
12
What is the greatest common factor of 6 and 14?
2
What is the highest common factor of 31104 and 108?
108
Calculate the greatest common factor of 324 and 48.
12
What is the highest common divisor of 2167 and 394?
197
What is the highest common factor of 16354 and 74?
74
What is the highest common factor of 448 and 28?
28
What is the greatest common factor of 117 and 52?
13
Calculate the highest common factor of 88 and 56.
8
Calculate the highest common factor of 7696 and 208.
208
Calculate the greatest common factor of 13 and 169.
13
What is the highest common divisor of 18 and 24?
6
Calculate the greatest common divisor of 1 and 121.
1
Calculate the greatest common divisor of 14294 and 42.
14
Calculate the greatest common divisor of 3233 and 305.
61
What is the highest common factor of 33764 and 46?
46
What is the highest common divisor of 230 and 28635?
115
Calcula